{"id":58,"date":"2024-08-20T11:00:40","date_gmt":"2024-08-20T11:00:40","guid":{"rendered":"https:\/\/actitudpsicosocial.com\/?page_id=58"},"modified":"2024-08-31T14:50:00","modified_gmt":"2024-08-31T14:50:00","slug":"riesgos-psicosociales-2","status":"publish","type":"page","link":"https:\/\/actitudpsicosocial.com\/index.php\/riesgos-psicosociales-2\/","title":{"rendered":"Acompa\u00f1amiento Personal"},"content":{"rendered":"\t\t<div data-elementor-type=\"wp-page\" data-elementor-id=\"58\" class=\"elementor elementor-58\">\n\t\t\t\t<div class=\"elementor-element elementor-element-5296522 e-flex e-con-boxed e-con e-parent\" data-id=\"5296522\" data-element_type=\"container\">\n\t\t\t\t\t<div class=\"e-con-inner\">\n\t\t\t\t<div class=\"elementor-element elementor-element-d143bbb elementor-widget elementor-widget-text-editor\" data-id=\"d143bbb\" data-element_type=\"widget\" data-widget_type=\"text-editor.default\">\n\t\t\t\t<div class=\"elementor-widget-container\">\n\t\t\t\t\t\t\t<p>En Actitud Psicosocial ofrecemos un ACOMPA\u00d1AMIENTO y una FORMACI\u00d3N PERSONALIZADA y ESPECIALIZADA dise\u00f1ada espec\u00edficamente para mitigar los\u00a0<a href=\"https:\/\/actitudpsicosocial.com\/index.php\/2024\/08\/31\/que-son-los-riesgos-psicosociales\/\" target=\"_blank\" rel=\"noopener\">Riesgos Psicosociale<\/a>s y crear un ambiente de trabajo saludable.<\/p><p><\/p><ul><li>GRUPOS DE APOYO FRENTE A AGRESIONES, POR SECTOR DE ACTIVIDAD.<\/li><li><a href=\"https:\/\/atreveteabrillar.com\/\">ACOMPA\u00d1AMIENTO PERSONAL.<\/a><\/li><li>FORMACI\u00d3N:<ul><li>PRESENCIAL<\/li><li>ON LINE (EVOLCAMPUS)<\/li><\/ul><\/li><li><a href=\"madelabueno@gmail.com\">ORIENTACI\u00d3N JUR\u00cdDICO LABORAL.<\/a><\/li><li><a href=\"2doloresdiez@gmail.comm\">ORIENTACI\u00d3N JUR\u00cdDICO PENAL.<\/a>\u00a0<\/li><li>ASISTENCIA PSICOL\u00d3GICA.<\/li><\/ul><div><a href=\"mailto:madelabueno@gmail.com\" target=\"_blank\" style=\"font-family: var( --e-global-typography-text-font-family ), Sans-serif; font-weight: var( --e-global-typography-text-font-weight ); text-align: var(--text-align); background-color: #ffffff;\" rel=\"noopener\">Contacte<\/a>\u00a0<span style=\"font-family: Arial, Helvetica, sans-serif;\">sin compromiso y exploraremos lo que m\u00e1s se ajuste a sus necesidades.<\/span><\/div>\t\t\t\t\t\t<\/div>\n\t\t\t\t<\/div>\n\t\t\t\t\t<\/div>\n\t\t\t\t<\/div>\n\t\t<div class=\"elementor-element elementor-element-bbf2f52 e-flex e-con-boxed e-con e-parent\" data-id=\"bbf2f52\" data-element_type=\"container\">\n\t\t\t\t\t<div class=\"e-con-inner\">\n\t\t\t\t<div class=\"elementor-element elementor-element-4d62a9e elementor-widget elementor-widget-image\" data-id=\"4d62a9e\" data-element_type=\"widget\" data-widget_type=\"image.default\">\n\t\t\t\t<div class=\"elementor-widget-container\">\n\t\t\t\t\t\t\t\t\t\t\t\t\t<img fetchpriority=\"high\" decoding=\"async\" width=\"360\" height=\"240\" src=\"https:\/\/actitudpsicosocial.com\/wp-content\/uploads\/2024\/08\/riesgos-psisociales-trabajo-360x240.jpg\" class=\"attachment-hestia-blog size-hestia-blog wp-image-142\" alt=\"\" srcset=\"https:\/\/actitudpsicosocial.com\/wp-content\/uploads\/2024\/08\/riesgos-psisociales-trabajo-360x240.jpg 360w, https:\/\/actitudpsicosocial.com\/wp-content\/uploads\/2024\/08\/riesgos-psisociales-trabajo-300x200.jpg 300w, https:\/\/actitudpsicosocial.com\/wp-content\/uploads\/2024\/08\/riesgos-psisociales-trabajo.jpg 640w\" sizes=\"(max-width: 360px) 100vw, 360px\" \/>\t\t\t\t\t\t\t\t\t\t\t\t\t<\/div>\n\t\t\t\t<\/div>\n\t\t\t\t\t<\/div>\n\t\t\t\t<\/div>\n\t\t\t\t<\/div>\n\t\t","protected":false},"excerpt":{"rendered":"<p>En Actitud Psicosocial ofrecemos un ACOMPA\u00d1AMIENTO y una FORMACI\u00d3N PERSONALIZADA y ESPECIALIZADA dise\u00f1ada espec\u00edficamente para mitigar los\u00a0Riesgos Psicosociales y crear un ambiente de trabajo saludable. GRUPOS DE APOYO FRENTE A AGRESIONES, POR SECTOR DE ACTIVIDAD. ACOMPA\u00d1AMIENTO PERSONAL. FORMACI\u00d3N: PRESENCIAL ON LINE (EVOLCAMPUS) ORIENTACI\u00d3N JUR\u00cdDICO LABORAL. ORIENTACI\u00d3N JUR\u00cdDICO PENAL.\u00a0 ASISTENCIA PSICOL\u00d3GICA. [&hellip;]<\/p>\n","protected":false},"author":1,"featured_media":0,"parent":0,"menu_order":0,"comment_status":"closed","ping_status":"closed","template":"page-templates\/template-pagebuilder-full-width.php","meta":{"footnotes":""},"class_list":["post-58","page","type-page","status-publish","hentry"],"yoast_head":"<!-- This site is optimized with the Yoast SEO plugin v23.4 - https:\/\/yoast.com\/wordpress\/plugins\/seo\/ -->\n<title>Acompa\u00f1amiento Personal - Actitud Psicosocial<\/title>\n<meta name=\"description\" content=\"Mejora la Salud Mental en tu empresa, reduce el Estr\u00e9s y la Ansiedad, minimiza los Riesgos Psicosociales. Crea un ambiente laboral m\u00e1s saludable y productivo con nuestra Formaci\u00f3n Especializada.\" \/>\n<meta name=\"robots\" content=\"index, follow, max-snippet:-1, max-image-preview:large, max-video-preview:-1\" \/>\n<link rel=\"canonical\" href=\"https:\/\/actitudpsicosocial.com\/index.php\/riesgos-psicosociales-2\/\" \/>\n<meta property=\"og:locale\" content=\"es_ES\" \/>\n<meta property=\"og:type\" content=\"article\" \/>\n<meta property=\"og:title\" content=\"Acompa\u00f1amiento Personal - Actitud Psicosocial\" \/>\n<meta property=\"og:description\" content=\"Mejora la Salud Mental en tu empresa, reduce el Estr\u00e9s y la Ansiedad, minimiza los Riesgos Psicosociales. Crea un ambiente laboral m\u00e1s saludable y productivo con nuestra Formaci\u00f3n Especializada.\" \/>\n<meta property=\"og:url\" content=\"https:\/\/actitudpsicosocial.com\/index.php\/riesgos-psicosociales-2\/\" \/>\n<meta property=\"og:site_name\" content=\"Actitud Psicosocial\" \/>\n<meta property=\"article:modified_time\" content=\"2024-08-31T14:50:00+00:00\" \/>\n<meta property=\"og:image\" content=\"https:\/\/actitudpsicosocial.com\/wp-content\/uploads\/2024\/08\/riesgos-psisociales-trabajo-360x240.jpg\" \/>\n<meta name=\"twitter:card\" content=\"summary_large_image\" \/>\n<meta name=\"twitter:label1\" content=\"Tiempo de lectura\" \/>\n\t<meta name=\"twitter:data1\" content=\"1 minuto\" \/>\n<script type=\"application\/ld+json\" class=\"yoast-schema-graph\">{\"@context\":\"https:\/\/schema.org\",\"@graph\":[{\"@type\":\"WebPage\",\"@id\":\"https:\/\/actitudpsicosocial.com\/index.php\/riesgos-psicosociales-2\/\",\"url\":\"https:\/\/actitudpsicosocial.com\/index.php\/riesgos-psicosociales-2\/\",\"name\":\"Acompa\u00f1amiento Personal - Actitud Psicosocial\",\"isPartOf\":{\"@id\":\"https:\/\/actitudpsicosocial.com\/#website\"},\"primaryImageOfPage\":{\"@id\":\"https:\/\/actitudpsicosocial.com\/index.php\/riesgos-psicosociales-2\/#primaryimage\"},\"image\":{\"@id\":\"https:\/\/actitudpsicosocial.com\/index.php\/riesgos-psicosociales-2\/#primaryimage\"},\"thumbnailUrl\":\"https:\/\/actitudpsicosocial.com\/wp-content\/uploads\/2024\/08\/riesgos-psisociales-trabajo-360x240.jpg\",\"datePublished\":\"2024-08-20T11:00:40+00:00\",\"dateModified\":\"2024-08-31T14:50:00+00:00\",\"description\":\"Mejora la Salud Mental en tu empresa, reduce el Estr\u00e9s y la Ansiedad, minimiza los Riesgos Psicosociales. Crea un ambiente laboral m\u00e1s saludable y productivo con nuestra Formaci\u00f3n Especializada.\",\"breadcrumb\":{\"@id\":\"https:\/\/actitudpsicosocial.com\/index.php\/riesgos-psicosociales-2\/#breadcrumb\"},\"inLanguage\":\"es\",\"potentialAction\":[{\"@type\":\"ReadAction\",\"target\":[\"https:\/\/actitudpsicosocial.com\/index.php\/riesgos-psicosociales-2\/\"]}]},{\"@type\":\"ImageObject\",\"inLanguage\":\"es\",\"@id\":\"https:\/\/actitudpsicosocial.com\/index.php\/riesgos-psicosociales-2\/#primaryimage\",\"url\":\"https:\/\/actitudpsicosocial.com\/wp-content\/uploads\/2024\/08\/riesgos-psisociales-trabajo.jpg\",\"contentUrl\":\"https:\/\/actitudpsicosocial.com\/wp-content\/uploads\/2024\/08\/riesgos-psisociales-trabajo.jpg\",\"width\":640,\"height\":427},{\"@type\":\"BreadcrumbList\",\"@id\":\"https:\/\/actitudpsicosocial.com\/index.php\/riesgos-psicosociales-2\/#breadcrumb\",\"itemListElement\":[{\"@type\":\"ListItem\",\"position\":1,\"name\":\"Portada\",\"item\":\"https:\/\/actitudpsicosocial.com\/\"},{\"@type\":\"ListItem\",\"position\":2,\"name\":\"Acompa\u00f1amiento Personal\"}]},{\"@type\":\"WebSite\",\"@id\":\"https:\/\/actitudpsicosocial.com\/#website\",\"url\":\"https:\/\/actitudpsicosocial.com\/\",\"name\":\"Actitud Psicosocial\",\"description\":\"\",\"potentialAction\":[{\"@type\":\"SearchAction\",\"target\":{\"@type\":\"EntryPoint\",\"urlTemplate\":\"https:\/\/actitudpsicosocial.com\/?s={search_term_string}\"},\"query-input\":{\"@type\":\"PropertyValueSpecification\",\"valueRequired\":true,\"valueName\":\"search_term_string\"}}],\"inLanguage\":\"es\"}]}<\/script>\n<!-- \/ Yoast SEO plugin. -->","yoast_head_json":{"title":"Acompa\u00f1amiento Personal - Actitud Psicosocial","description":"Mejora la Salud Mental en tu empresa, reduce el Estr\u00e9s y la Ansiedad, minimiza los Riesgos Psicosociales. Crea un ambiente laboral m\u00e1s saludable y productivo con nuestra Formaci\u00f3n Especializada.","robots":{"index":"index","follow":"follow","max-snippet":"max-snippet:-1","max-image-preview":"max-image-preview:large","max-video-preview":"max-video-preview:-1"},"canonical":"https:\/\/actitudpsicosocial.com\/index.php\/riesgos-psicosociales-2\/","og_locale":"es_ES","og_type":"article","og_title":"Acompa\u00f1amiento Personal - Actitud Psicosocial","og_description":"Mejora la Salud Mental en tu empresa, reduce el Estr\u00e9s y la Ansiedad, minimiza los Riesgos Psicosociales. Crea un ambiente laboral m\u00e1s saludable y productivo con nuestra Formaci\u00f3n Especializada.","og_url":"https:\/\/actitudpsicosocial.com\/index.php\/riesgos-psicosociales-2\/","og_site_name":"Actitud Psicosocial","article_modified_time":"2024-08-31T14:50:00+00:00","og_image":[{"url":"https:\/\/actitudpsicosocial.com\/wp-content\/uploads\/2024\/08\/riesgos-psisociales-trabajo-360x240.jpg"}],"twitter_card":"summary_large_image","twitter_misc":{"Tiempo de lectura":"1 minuto"},"schema":{"@context":"https:\/\/schema.org","@graph":[{"@type":"WebPage","@id":"https:\/\/actitudpsicosocial.com\/index.php\/riesgos-psicosociales-2\/","url":"https:\/\/actitudpsicosocial.com\/index.php\/riesgos-psicosociales-2\/","name":"Acompa\u00f1amiento Personal - Actitud Psicosocial","isPartOf":{"@id":"https:\/\/actitudpsicosocial.com\/#website"},"primaryImageOfPage":{"@id":"https:\/\/actitudpsicosocial.com\/index.php\/riesgos-psicosociales-2\/#primaryimage"},"image":{"@id":"https:\/\/actitudpsicosocial.com\/index.php\/riesgos-psicosociales-2\/#primaryimage"},"thumbnailUrl":"https:\/\/actitudpsicosocial.com\/wp-content\/uploads\/2024\/08\/riesgos-psisociales-trabajo-360x240.jpg","datePublished":"2024-08-20T11:00:40+00:00","dateModified":"2024-08-31T14:50:00+00:00","description":"Mejora la Salud Mental en tu empresa, reduce el Estr\u00e9s y la Ansiedad, minimiza los Riesgos Psicosociales. Crea un ambiente laboral m\u00e1s saludable y productivo con nuestra Formaci\u00f3n Especializada.","breadcrumb":{"@id":"https:\/\/actitudpsicosocial.com\/index.php\/riesgos-psicosociales-2\/#breadcrumb"},"inLanguage":"es","potentialAction":[{"@type":"ReadAction","target":["https:\/\/actitudpsicosocial.com\/index.php\/riesgos-psicosociales-2\/"]}]},{"@type":"ImageObject","inLanguage":"es","@id":"https:\/\/actitudpsicosocial.com\/index.php\/riesgos-psicosociales-2\/#primaryimage","url":"https:\/\/actitudpsicosocial.com\/wp-content\/uploads\/2024\/08\/riesgos-psisociales-trabajo.jpg","contentUrl":"https:\/\/actitudpsicosocial.com\/wp-content\/uploads\/2024\/08\/riesgos-psisociales-trabajo.jpg","width":640,"height":427},{"@type":"BreadcrumbList","@id":"https:\/\/actitudpsicosocial.com\/index.php\/riesgos-psicosociales-2\/#breadcrumb","itemListElement":[{"@type":"ListItem","position":1,"name":"Portada","item":"https:\/\/actitudpsicosocial.com\/"},{"@type":"ListItem","position":2,"name":"Acompa\u00f1amiento Personal"}]},{"@type":"WebSite","@id":"https:\/\/actitudpsicosocial.com\/#website","url":"https:\/\/actitudpsicosocial.com\/","name":"Actitud Psicosocial","description":"","potentialAction":[{"@type":"SearchAction","target":{"@type":"EntryPoint","urlTemplate":"https:\/\/actitudpsicosocial.com\/?s={search_term_string}"},"query-input":{"@type":"PropertyValueSpecification","valueRequired":true,"valueName":"search_term_string"}}],"inLanguage":"es"}]}},"_links":{"self":[{"href":"https:\/\/actitudpsicosocial.com\/index.php\/wp-json\/wp\/v2\/pages\/58","targetHints":{"allow":["GET"]}}],"collection":[{"href":"https:\/\/actitudpsicosocial.com\/index.php\/wp-json\/wp\/v2\/pages"}],"about":[{"href":"https:\/\/actitudpsicosocial.com\/index.php\/wp-json\/wp\/v2\/types\/page"}],"author":[{"embeddable":true,"href":"https:\/\/actitudpsicosocial.com\/index.php\/wp-json\/wp\/v2\/users\/1"}],"replies":[{"embeddable":true,"href":"https:\/\/actitudpsicosocial.com\/index.php\/wp-json\/wp\/v2\/comments?post=58"}],"version-history":[{"count":17,"href":"https:\/\/actitudpsicosocial.com\/index.php\/wp-json\/wp\/v2\/pages\/58\/revisions"}],"predecessor-version":[{"id":145,"href":"https:\/\/actitudpsicosocial.com\/index.php\/wp-json\/wp\/v2\/pages\/58\/revisions\/145"}],"wp:attachment":[{"href":"https:\/\/actitudpsicosocial.com\/index.php\/wp-json\/wp\/v2\/media?parent=58"}],"curies":[{"name":"wp","href":"https:\/\/api.w.org\/{rel}","templated":true}]}}

Acompañamiento Personal

<div data-elementor-type="wp-page" data-elementor-id="58" class="elementor elementor-58">
				<div class="elementor-element elementor-element-5296522 e-flex e-con-boxed e-con e-parent" data-id="5296522" data-element_type="container">
					<div class="e-con-inner">
				<div class="elementor-element elementor-element-d143bbb elementor-widget elementor-widget-text-editor" data-id="d143bbb" data-element_type="widget" data-widget_type="text-editor.default">
				<div class="elementor-widget-container">
							<p>En Actitud Psicosocial ofrecemos un ACOMPAÑAMIENTO y una FORMACIÓN PERSONALIZADA y ESPECIALIZADA diseñada específicamente para mitigar los <a href="https://actitudpsicosocial.com/index.php/2024/08/31/que-son-los-riesgos-psicosociales/" target="_blank" rel="noopener">Riesgos Psicosociale</a>s y crear un ambiente de trabajo saludable.</p><p></p><ul><li>GRUPOS DE APOYO FRENTE A AGRESIONES, POR SECTOR DE ACTIVIDAD.</li><li><a href="https://atreveteabrillar.com/">ACOMPAÑAMIENTO PERSONAL.</a></li><li>FORMACIÓN:<ul><li>PRESENCIAL</li><li>ON LINE (EVOLCAMPUS)</li></ul></li><li><a href="madelabueno@gmail.com">ORIENTACIÓN JURÍDICO LABORAL.</a></li><li><a href="2doloresdiez@gmail.comm">ORIENTACIÓN JURÍDICO PENAL.</a> </li><li>ASISTENCIA PSICOLÓGICA.</li></ul><div><a href="mailto:madelabueno@gmail.com" target="_blank" style="font-family: var( --e-global-typography-text-font-family ), Sans-serif; font-weight: var( --e-global-typography-text-font-weight ); text-align: var(--text-align); background-color: #ffffff;" rel="noopener">Contacte</a> <span style="font-family: Arial, Helvetica, sans-serif;">sin compromiso y exploraremos lo que más se ajuste a sus necesidades.</span></div>						</div>
				</div>
					</div>
				</div>
		<div class="elementor-element elementor-element-bbf2f52 e-flex e-con-boxed e-con e-parent" data-id="bbf2f52" data-element_type="container">
					<div class="e-con-inner">
				<div class="elementor-element elementor-element-4d62a9e elementor-widget elementor-widget-image" data-id="4d62a9e" data-element_type="widget" data-widget_type="image.default">
				<div class="elementor-widget-container">
													<img fetchpriority="high" decoding="async" width="360" height="240" src="https://actitudpsicosocial.com/wp-content/uploads/2024/08/riesgos-psisociales-trabajo-360x240.jpg" class="attachment-hestia-blog size-hestia-blog wp-image-142" alt="" srcset="https://actitudpsicosocial.com/wp-content/uploads/2024/08/riesgos-psisociales-trabajo-360x240.jpg 360w, https://actitudpsicosocial.com/wp-content/uploads/2024/08/riesgos-psisociales-trabajo-300x200.jpg 300w, https://actitudpsicosocial.com/wp-content/uploads/2024/08/riesgos-psisociales-trabajo.jpg 640w" sizes="(max-width: 360px) 100vw, 360px" />													</div>
				</div>
					</div>
				</div>
				</div>

<p>En Actitud Psicosocial ofrecemos un ACOMPAÑAMIENTO y una FORMACIÓN PERSONALIZADA y ESPECIALIZADA diseñada específicamente para mitigar los Riesgos Psicosociales y crear un ambiente de trabajo saludable. GRUPOS DE APOYO FRENTE A AGRESIONES, POR SECTOR DE ACTIVIDAD. ACOMPAÑAMIENTO PERSONAL. FORMACIÓN: PRESENCIAL ON LINE (EVOLCAMPUS) ORIENTACIÓN JURÍDICO LABORAL. ORIENTACIÓN JURÍDICO PENAL.  ASISTENCIA PSICOLÓGICA. [&hellip;]</p>

<!-- This site is optimized with the Yoast SEO plugin v23.4 - https://yoast.com/wordpress/plugins/seo/ -->
<title>Acompañamiento Personal - Actitud Psicosocial</title>
<meta name="description" content="Mejora la Salud Mental en tu empresa, reduce el Estrés y la Ansiedad, minimiza los Riesgos Psicosociales. Crea un ambiente laboral más saludable y productivo con nuestra Formación Especializada." />
<meta name="robots" content="index, follow, max-snippet:-1, max-image-preview:large, max-video-preview:-1" />
<link rel="canonical" href="https://actitudpsicosocial.com/index.php/riesgos-psicosociales-2/" />
<meta property="og:locale" content="es_ES" />
<meta property="og:type" content="article" />
<meta property="og:title" content="Acompañamiento Personal - Actitud Psicosocial" />
<meta property="og:description" content="Mejora la Salud Mental en tu empresa, reduce el Estrés y la Ansiedad, minimiza los Riesgos Psicosociales. Crea un ambiente laboral más saludable y productivo con nuestra Formación Especializada." />
<meta property="og:url" content="https://actitudpsicosocial.com/index.php/riesgos-psicosociales-2/" />
<meta property="og:site_name" content="Actitud Psicosocial" />
<meta property="article:modified_time" content="2024-08-31T14:50:00+00:00" />
<meta property="og:image" content="https://actitudpsicosocial.com/wp-content/uploads/2024/08/riesgos-psisociales-trabajo-360x240.jpg" />
<meta name="twitter:card" content="summary_large_image" />
<meta name="twitter:label1" content="Tiempo de lectura" />
	<meta name="twitter:data1" content="1 minuto" />
<script type="application/ld+json" class="yoast-schema-graph">{"@context":"https://schema.org","@graph":[{"@type":"WebPage","@id":"https://actitudpsicosocial.com/index.php/riesgos-psicosociales-2/","url":"https://actitudpsicosocial.com/index.php/riesgos-psicosociales-2/","name":"Acompañamiento Personal - Actitud Psicosocial","isPartOf":{"@id":"https://actitudpsicosocial.com/#website"},"primaryImageOfPage":{"@id":"https://actitudpsicosocial.com/index.php/riesgos-psicosociales-2/#primaryimage"},"image":{"@id":"https://actitudpsicosocial.com/index.php/riesgos-psicosociales-2/#primaryimage"},"thumbnailUrl":"https://actitudpsicosocial.com/wp-content/uploads/2024/08/riesgos-psisociales-trabajo-360x240.jpg","datePublished":"2024-08-20T11:00:40+00:00","dateModified":"2024-08-31T14:50:00+00:00","description":"Mejora la Salud Mental en tu empresa, reduce el Estrés y la Ansiedad, minimiza los Riesgos Psicosociales. Crea un ambiente laboral más saludable y productivo con nuestra Formación Especializada.","breadcrumb":{"@id":"https://actitudpsicosocial.com/index.php/riesgos-psicosociales-2/#breadcrumb"},"inLanguage":"es","potentialAction":[{"@type":"ReadAction","target":["https://actitudpsicosocial.com/index.php/riesgos-psicosociales-2/"]}]},{"@type":"ImageObject","inLanguage":"es","@id":"https://actitudpsicosocial.com/index.php/riesgos-psicosociales-2/#primaryimage","url":"https://actitudpsicosocial.com/wp-content/uploads/2024/08/riesgos-psisociales-trabajo.jpg","contentUrl":"https://actitudpsicosocial.com/wp-content/uploads/2024/08/riesgos-psisociales-trabajo.jpg","width":640,"height":427},{"@type":"BreadcrumbList","@id":"https://actitudpsicosocial.com/index.php/riesgos-psicosociales-2/#breadcrumb","itemListElement":[{"@type":"ListItem","position":1,"name":"Portada","item":"https://actitudpsicosocial.com/"},{"@type":"ListItem","position":2,"name":"Acompañamiento Personal"}]},{"@type":"WebSite","@id":"https://actitudpsicosocial.com/#website","url":"https://actitudpsicosocial.com/","name":"Actitud Psicosocial","description":"","potentialAction":[{"@type":"SearchAction","target":{"@type":"EntryPoint","urlTemplate":"https://actitudpsicosocial.com/?s={search_term_string}"},"query-input":{"@type":"PropertyValueSpecification","valueRequired":true,"valueName":"search_term_string"}}],"inLanguage":"es"}]}</script>
<!-- / Yoast SEO plugin. -->

Acompañamiento Personal - Actitud Psicosocial

Mejora la Salud Mental en tu empresa, reduce el Estrés y la Ansiedad, minimiza los Riesgos Psicosociales. Crea un ambiente laboral más saludable y productivo con nuestra Formación Especializada.
